{"id":610,"date":"2011-11-20T20:36:25","date_gmt":"2011-11-20T20:36:25","guid":{"rendered":"http:\/\/www.bthv.de\/blog\/?page_id=610"},"modified":"2021-11-16T09:41:50","modified_gmt":"2021-11-16T08:41:50","slug":"der-bthv","status":"publish","type":"page","link":"https:\/\/www.bthv.de\/blog\/der-bthv","title":{"rendered":"Der BTHV"},"content":{"rendered":"<p>Der 1903 gegr\u00fcndete Bonner Tennis- und Hockeyverein (BTHV) in zentraler Lage ist ein moderner, familienfreundlicher und erfolgreicher Verein mit Tradition. 1.600&nbsp;Mitglieder sind in 25 Hockey- und 27 Tennis-Mannschaften in einem breiten Spektrum von freizeit- bis leistungsorientierten Spielklassen aktiv und nehmen gerne am Clubleben teil.<br \/>\nBesonders die Jugendarbeit mit unseren 500&nbsp;Jugendlichen&nbsp;und Kindern zur Vermittlung von sportlichen F\u00e4higkeiten im Tennis- und\/oder Hockeysport, aber auch zur Unterst\u00fctzung gemeinschaftlicher Erlebnisse, sind uns wichtig.<\/p>\n<h2><strong>TENNIS<\/strong><\/h2>\n<p>15 Tennispl\u00e4tze, roter Sand<br \/>\nTennishalle mit vier Pl\u00e4tzen, Teppich<br \/>\nTraglufhalle mit vier Aschenpl\u00e4tzen (ganz neu)<\/p>\n<h2><strong>HOCKEY<\/strong><\/h2>\n<p>Hockeykunstrasenplatz<br \/>\nHockeynaturrasenplatz<br \/>\nHockeyhalle<\/p>\n<h2><strong>DER CLUB<\/strong><\/h2>\n<p>Clubhaus mit Fitnessraum, Kegelbahn und Tennis\/Hockeyshop<br \/>\nGastronomie&nbsp;mit gro\u00dfer Terrasse mit Gast- und Seminarr\u00e4umen<\/p>\n<h2><strong>Aus der Chronik des BTHV<\/strong><\/h2>\n<p>\u201eDer Bonner Tennis- und Hockey-Verein feiert im Jahre 2003 seinen 100. Geburtstag. Wir J\u00fcngeren, Heutigen sind stolz darauf, einem Sportverein anzugeh\u00f6ren, dessen Geschichte und Tradition in die Anfangsjahre des Tennis- und Hockeysports in Deutschland zur\u00fcckreichen.<br \/>\nEine solche Tradition verpflichtet. Da\u00df es den BTHV gibt, da\u00df er gewachsen und gediehen ist, verdanken wir vielen M\u00e4nnern und Frauen, die vor uns ihr Engagement, ihre Ideen und ihre Tatkraft eingesetzt haben, aus Liebe zu ihrem Sport und zur sportlichen Gemeinschaft. Der Weg des BTHV war dabei sicher nicht immer einfach; die H\u00f6hen und Tiefen, die die Stadt Bonn und ihren B\u00fcrgern seit der Kaiserzeit bereitet hat, spiegeln sich auch in der Geschichte des Vereins wieder. Nicht zuletzt sind es die sportlichen Tugenden, die dem BTHV auf diesem Weg zur Seite gestanden haben. Tradition schafft daher auch eine besondere Verbundenheit. Sie macht bewu\u00dft, da\u00df wir in einer langen Reihe von Menschen stehen, mit denen wir die Liebe und das Engagement f\u00fcr unseren Sport gemeinsam haben.<br \/>\nDer BTHV ist ein junger Verein; sein Alter sieht man ihm nicht an. Er hat es immer als eine seiner besonderen Aufgaben angesehen, sich besonders der Jugendarbeit zu widmen und jungen Menschen nicht nur die F\u00e4higkeit zum sportlichen Wettkampf zu vermitteln, sondern auch die Freude und Geborgenheit in einer Gemeinschaft. Zur Tradition des BTHV geh\u00f6rt es auch, Leistungs- und Breitensport in einem ausgewogenen Verh\u00e4ltnis zu halten, dem Sportler, der nur zur seiner pers\u00f6nlichen Entspannung und Erholung Tennis oder Hockey spielen m\u00f6chte, ebenso Heimstatt zu sein, wie demjenigen, der nach sportlicher Bestleistung strebt. Das ist nicht immer einfach, aber auch hier helfen wechselseitig die Tugenden der Fairne\u00df und der R\u00fccksichtnahme auf den anderen. Der BTHV ist ein fr\u00f6hlicher Verein &#8211; wie k\u00f6nnte es im Rheinland anders sein. Deswegen finden wir auch immer wieder gen\u00fcgend Anla\u00df zum Feiern und wenn es auch nur ein 96. Geburtstag ist.\u201c<br \/>\n<em>Aus dem Gru\u00dfwort des damaligen 1. Vorsitzenden Lothar Schmude anl\u00e4sslich des 90. Gr\u00fcndungstages des BTHV<\/em>&nbsp;1993<\/p>\n<p><strong><a title=\"BTHV Hymne\" href=\"https:\/\/www.bthv.de\/blog\/bthv-hymne\">Zur Hymne des BTHV<\/a><\/strong><\/p>\n<p><strong><a href=\"https:\/\/www.bthv.de\/bthv-geschichte\/bthv-geschichte.pdf\">Eberhard N\u00f6ller:&nbsp;Der Bonner Tennis- und Hockey-Verein &#8211; Seine&nbsp;Geschichte von 1903 bis 1999<\/a><\/strong><\/p>\n<p>&nbsp;<\/p>\n","protected":false},"excerpt":{"rendered":"<p>Der 1903 gegr\u00fcndete Bonner Tennis- und Hockeyverein (BTHV) in zentraler Lage ist ein moderner, familienfreundlicher und erfolgreicher Verein mit Tradition. 1.600&nbsp;Mitglieder sind in 25 Hockey- und 27 Tennis-Mannschaften in einem breiten Spektrum von freizeit- bis leistungsorientierten Spielklassen aktiv und nehmen &hellip; <a href=\"https:\/\/www.bthv.de\/blog\/der-bthv\">Weiterlesen <span class=\"meta-nav\">&rarr;<\/span><\/a><\/p>\n","protected":false},"author":4,"featured_media":0,"parent":0,"menu_order":0,"comment_status":"closed","ping_status":"closed","template":"sidebar-page.php","meta":{"ngg_post_thumbnail":0,"footnotes":""},"class_list":["post-610","page","type-page","status-publish","hentry"],"_links":{"self":[{"href":"https:\/\/www.bthv.de\/blog\/wp-json\/wp\/v2\/pages\/610","targetHints":{"allow":["GET"]}}],"collection":[{"href":"https:\/\/www.bthv.de\/blog\/wp-json\/wp\/v2\/pages"}],"about":[{"href":"https:\/\/www.bthv.de\/blog\/wp-json\/wp\/v2\/types\/page"}],"author":[{"embeddable":true,"href":"https:\/\/www.bthv.de\/blog\/wp-json\/wp\/v2\/users\/4"}],"replies":[{"embeddable":true,"href":"https:\/\/www.bthv.de\/blog\/wp-json\/wp\/v2\/comments?post=610"}],"version-history":[{"count":2,"href":"https:\/\/www.bthv.de\/blog\/wp-json\/wp\/v2\/pages\/610\/revisions"}],"predecessor-version":[{"id":46503,"href":"https:\/\/www.bthv.de\/blog\/wp-json\/wp\/v2\/pages\/610\/revisions\/46503"}],"wp:attachment":[{"href":"https:\/\/www.bthv.de\/blog\/wp-json\/wp\/v2\/media?parent=610"}],"curies":[{"name":"wp","href":"https:\/\/api.w.org\/{rel}","templated":true}]}}