{"id":31294,"date":"2018-02-06T19:57:40","date_gmt":"2018-02-06T18:57:40","guid":{"rendered":"http:\/\/www.bthv.de\/blog\/?page_id=31294"},"modified":"2026-02-11T13:58:59","modified_gmt":"2026-02-11T12:58:59","slug":"tennis-training-jugend","status":"publish","type":"page","link":"https:\/\/www.bthv.de\/blog\/tennis-training-jugend","title":{"rendered":"Tennis Training Jugend"},"content":{"rendered":"<h1>Jugendtraining:&nbsp;<\/h1>\n<p>Hier finden Sie die Ausschreibung f\u00fcr das Kinder- und Jugendtraining, bitte lesen Sie sich alle Informationen durch, bevor Sie ihr Kind anmelden.<\/p>\n<p><a href=\"https:\/\/www.bthv.de\/blog\/wp-content\/uploads\/2026\/02\/Ausschreibung-Tennisjugend-Sommer-2026.pdf\"><strong>Ausschreibung Sommer 26<\/strong><\/a><\/p>\n<p>F\u00fcr die Organisation des Sommertrainings arbeiten wir weiterhin mit dem digitalen Planungstool <strong>\u201eSportision\u201c<\/strong>, dass uns bei der Trainingsplanerstellung unterst\u00fctzt.<\/p>\n<p>Die Anmeldung f\u00fcr das Training findet \u00fcber die Homepage des Anbieters statt, auf der die Trainingsangebote stehen. Die Wintertrainingsangebote: Tenniskindergarten, Tennis-Kindertraining und das Jugendtraining sind am Ende der Saisonanmeldungen zu finden. Unter Dateien ist die obige Ausschreibung zu finden.<\/p>\n<p>&nbsp;Die Anmeldung selbst l\u00e4uft \u00fcber den Button Einschreiben.&nbsp;<\/p>\n<p>Wir empfehlen Euch einen Account anzulegen, da dann jederzeit die Einsicht in Eure Anmeldung und auch deren Ver\u00e4nderung m\u00f6glich ist. Wenn ihr dies nicht m\u00f6chtet, tragt eure Daten bitte unter&nbsp;<em>als Gast fortfahren&nbsp;<\/em>ein, dies ist die Voraussetzung daf\u00fcr, dass ihr die Mails mit den Infos \u00fcber eure Trainingszeiten bekommt.&nbsp;<\/p>\n<p>Zu der Ausschreibung und den Anmeldeformularen f\u00fcr das Kinder- und Jugendtraining: &nbsp;<strong><a href=\"https:\/\/www.sportision.de\/club\/bonner-thv\">Anmeldung<\/a><\/strong><\/p>\n<p>&nbsp;<\/p>\n","protected":false},"excerpt":{"rendered":"<p>Jugendtraining:&nbsp; Hier finden Sie die Ausschreibung f\u00fcr das Kinder- und Jugendtraining, bitte lesen Sie sich alle Informationen durch, bevor Sie ihr Kind anmelden. Ausschreibung Sommer 26 F\u00fcr die Organisation des Sommertrainings arbeiten wir weiterhin mit dem digitalen Planungstool \u201eSportision\u201c, dass &hellip; <a href=\"https:\/\/www.bthv.de\/blog\/tennis-training-jugend\">Weiterlesen <span class=\"meta-nav\">&rarr;<\/span><\/a><\/p>\n","protected":false},"author":27,"featured_media":0,"parent":0,"menu_order":0,"comment_status":"closed","ping_status":"closed","template":"","meta":{"ngg_post_thumbnail":0,"footnotes":""},"class_list":["post-31294","page","type-page","status-publish","hentry"],"_links":{"self":[{"href":"https:\/\/www.bthv.de\/blog\/wp-json\/wp\/v2\/pages\/31294","targetHints":{"allow":["GET"]}}],"collection":[{"href":"https:\/\/www.bthv.de\/blog\/wp-json\/wp\/v2\/pages"}],"about":[{"href":"https:\/\/www.bthv.de\/blog\/wp-json\/wp\/v2\/types\/page"}],"author":[{"embeddable":true,"href":"https:\/\/www.bthv.de\/blog\/wp-json\/wp\/v2\/users\/27"}],"replies":[{"embeddable":true,"href":"https:\/\/www.bthv.de\/blog\/wp-json\/wp\/v2\/comments?post=31294"}],"version-history":[{"count":11,"href":"https:\/\/www.bthv.de\/blog\/wp-json\/wp\/v2\/pages\/31294\/revisions"}],"predecessor-version":[{"id":81105,"href":"https:\/\/www.bthv.de\/blog\/wp-json\/wp\/v2\/pages\/31294\/revisions\/81105"}],"wp:attachment":[{"href":"https:\/\/www.bthv.de\/blog\/wp-json\/wp\/v2\/media?parent=31294"}],"curies":[{"name":"wp","href":"https:\/\/api.w.org\/{rel}","templated":true}]}}